Let o = n + 331. What is the greatest common divisor of 112 and o?
14
Let b = -20080 - -20111. Calculate the highest common factor of 10943 and b.
31
Let a(i) = -149*i + 81. Let l be a(5). Let p = -648 - l. Calculate the greatest common divisor of 328 and p.
8
Let s(h) = h + 13. Let w be s(-7). Suppose -3*d = w, 0 + 6 = t - 5*d. Let g be (2 - -43)/((-2)/t). Calculate the greatest common divisor of g and 10.
10
Let y = -15825 - -17834. What is the greatest common factor of 14 and y?
7
Let a = 5 - -1. Let u(o) = -o + 15. Let f be u(10). Suppose f*z = -38 + 248. Calculate the highest common divisor of a and z.
6
Suppose 26*g - 2906 = -1866. Calculate the greatest common factor of g and 825.
5
Suppose -13 - 15 = -7*g. Suppose 514 = -g*c - 374. Let i = c - -350. What is the highest common factor of 16 and i?
16
Let h be 8/(-20) + 1447/5. Let m = h - 247. What is the highest common divisor of m and 14?
14
Suppose f = 2*c - 12, 3*f + 2*f + 12 = 2*c. Let s(t) = 61*t + 15. Let j be s(c). Suppose -3*n = -1326 + j. Calculate the greatest common factor of 45 and n.
45
Let c = 1 - 11. Let k be (-935)/c - 1/(-2). Suppose 4*l - 4*y - 540 = 0, -582 = -4*l - 252*y + 249*y. Calculate the highest common factor of l and k.
47
Suppose -3 - 29 = 2*g. Let d be 29/9 + g/72. Suppose d*q + 4*m - 49 = 86, 225 = 5*q - 4*m. What is the greatest common divisor of 9 and q?
9
Suppose 3*b - 10*b = -28. Suppose -4*g + 80 = -2*k, -13*g + 103 = -8*g - b*k. Calculate the highest common divisor of g and 133.
19
Suppose -35*u - 6 = -37*u. Suppose -2015 = -5*c + u*d - d, -2*d + 10 = 0. What is the greatest common factor of 15 and c?
15
Let v = 6 - -38. Suppose 0 = -35*o + 30*o + 3130. Let g = -274 + o. Calculate the highest common factor of v and g.
44
Let z = -11262 + 11279. Calculate the greatest common factor of z and 115.
1
Let b be (5 - -1 - 4)/((-1)/4). Let f = 47 + b. Calculate the greatest common factor of 52 and f.
13
Let b(m) = 100*m**3 - 5*m**2 - 3*m + 7. Let h be b(2). Calculate the greatest common factor of h and 33.
11
Let a(q) = -q**3 - 3*q**2 + 7*q + 1. Suppose -75 = -6*z + 3*z. Suppose z = w - 6*w. Let l be a(w). Calculate the greatest common divisor of 16 and l.
16
Let w(a) = -a**2 + 47*a - 258. Let k be w(40). Calculate the greatest common divisor of k and 99.
11
Let d(b) = -55*b - 4150. Let s be d(-112). Calculate the greatest common divisor of 150 and s.
30
Suppose l = 3*d - 39 + 292, 3 = 3*l. Let v = d + 87. Suppose 6*b - v*b - 390 = 0. Calculate the greatest common factor of 26 and b.
26
Let w = 89893 - 89872. Suppose 9 = 5*f - 4*f. Calculate the greatest common divisor of w and f.
3
Let a = -61 + 63. Suppose -a*x = 4*b - 14, 0 = -4*b + 5*x - 2*x + 19. Suppose -2*j = -b*j + 336. Calculate the highest common factor of 21 and j.
21
Let v(o) = 8*o - 52. Let z be v(8). Suppose -4*f = -0*f - z. Suppose 70 = f*i - g, -4*i + i - 5*g = -82. Calculate the highest common divisor of i and 72.
24
Let o = -19 + 24. Let y be -3 + (2 - o) + 10 + 0. Let l be (y - (-136)/(-36)) + (-2296)/(-36). Calculate the greatest common factor of l and 8.
8
Suppose -41740 = 91*p - 196895. Let q = -1696 + p. Suppose 2*l = 11 + 7. What is the highest common divisor of q and l?
9
Let a be (151650/(-315))/((-1)/7). Calculate the highest common factor of a and 10.
10
Suppose 0 = -2*l - 16, 3*s - 9308 = 2*l - 985. What is the greatest common divisor of 6 and s?
3
Let i(r) be the first derivative of -27*r + 7/2*r**2 - 13. Let h be i(6). Calculate the greatest common factor of 120 and h.
15
Let d = -13836 + 20236. Calculate the greatest common divisor of 24 and d.
8
Let c = -5043 + 5111. What is the highest common factor of c and 238?
34
Suppose -164 = -2*c - 2*p, 39*c = 38*c + p + 76. Suppose 0 = -82*s + c*s + 690. Calculate the highest common factor of 92 and s.
46
Let v be 1676/14 + ((-3192)/147 - -22). What is the highest common factor of v and 450?
30
Let n(t) = t**3 - 7*t**2 - 235*t + 1500. Let i be n(6). Calculate the highest common divisor of 4887 and i.
27
Let v be ((-33)/2)/((-12)/64). Suppose 12*j - 183 = -51. Suppose 4*a - 21 = j. Calculate the greatest common factor of v and a.
8
Let i be (-26)/(-3) + (-4)/6. Let u(p) = p**3 + 11*p**2 + 14*p - 31. Let m be u(-9). Suppose -31*q = m*q - 72. What is the greatest common factor of q and i?
2
Suppose -2*q = 4*z + 298, 0 = -z - 3*z + 4*q - 328. Let m = z - -182. Let y be 102/7 + (-3)/(-7). Calculate the highest common divisor of y and m.
15
Let a = 12102 + -11966. Calculate the highest common divisor of 3468 and a.
68
Suppose -4*w = -4*c + 796, -4*w - 2*c - 790 = -0*c. Let o be w/(-8) + 9/36. Let u be (-54)/(-27)*(-30)/(-4). Calculate the highest common divisor of o and u.
5
Let x(p) = p**3 + 61*p**2 + 22*p - 140. Let f be x(15). Calculate the highest common divisor of 380 and f.
190
Let y = 8436 + -8413. Suppose 138 = -0*a + a. What is the greatest common divisor of y and a?
23
Let t(w) = -67*w + 897. Let m be t(13). What is the highest common factor of m and 559?
13
Let c be (-1)/(-5) - (-72)/40. Suppose -6 = -3*u - m + 2, c*u = 2*m - 8. Let x be u/(-4) - 564/(-16). What is the greatest common factor of 175 and x?
35
Let l(n) = 94*n - 1391. Let a be l(91). What is the greatest common divisor of 91 and a?
13
Suppose -9*g + 730 = -2186. Let o = g + -203. Suppose -3*l + 45 = 12. Calculate the greatest common divisor of l and o.
11
Let d be (1 - 4)/(201/(-21976)). Let y = d + -124. What is the greatest common factor of y and 12?
12
Suppose 0 = x - 42 - 88 - 8. Calculate the highest common factor of 2691 and x.
69
Let k be 84/((-56)/84*(-18)/16). Calculate the greatest common factor of k and 296.
8
Let u = 25 + -22. Suppose -8*m + 9*m - u = 0. Let r be 12 - (m - -3 - 4). Calculate the greatest common divisor of 25 and r.
5
Suppose -5*i = -27 - 63. Suppose i*s - 43 - 173 = 0. What is the highest common factor of 8 and s?
4
Let j(n) = -n**2 - 19*n - 18. Let v be j(-18). Suppose 2*y = -v*y + 2*o + 58, -5 = -5*o. What is the highest common divisor of y and 54?
6
Suppose 4*m = -y + 2412, -29*m + 1242 = -27*m - 4*y. Calculate the highest common factor of m and 2585.
55
Let a be 108/12*2*(-10)/3. Let o be (-19840)/a + 10/(-6). Calculate the highest common factor of o and 94.
47
Let c be ((-128)/60*-3)/(-4 + 23394/5845). What is the greatest common divisor of c and 16?
16
Let l(b) = 3*b**2 + 57*b + 180. Let i be l(-3). What is the highest common factor of i and 996?
12
Let t be (-40)/12*(-66 - -6). Calculate the highest common divisor of 2700 and t.
100
Let y = 492 - 348. Let c(p) = -2*p**3 - 38*p**2 - 41*p - 86. Let i be c(-18). Suppose -y + i = -5*f. Calculate the greatest common divisor of 70 and f.
14
Let l = -79 + 87. Suppose l*u = 12*u - 8. Let g be (12 - (-18)/6) + (u - 6). Calculate the greatest common factor of g and 44.
11
Suppose 22*q - 25944 = -25*q. Suppose 17*h - 553 = q. What is the highest common divisor of h and 312?
13
Let x = 18 - 8. Let o be (-4)/(-10) + (-22)/55. Suppose o = 4*i - 2*i - 100. Calculate the highest common factor of x and i.
10
Let u = -192 + 297. Suppose 5*f + 7 - 142 = -4*r, -u = -3*r - 3*f. Calculate the greatest common factor of r and 20.
20
Let t(q) = 9*q - 2. Let d be t(2). Let z(k) = k**2 + 372*k + 8376. Let o be z(-24). Calculate the greatest common divisor of d and o.
8
Let n be 1 - (8/(-2) - (-7 - -3)). Let i be n/((-9 - -3)/(-84)). What is the highest common divisor of 154 and i?
14
Suppose -163*k + 7689 = -3495 - 6583. What is the highest common factor of 11118 and k?
109
Let z(t) = -3*t + 83. Suppose -5*p + 23*p = -72. Let c be z(p). Calculate the greatest common divisor of 38 and c.
19
Let z be (-3)/(6/(-4)) + 0. Let w be (z/(-6))/((-35)/(-6) + -6). Suppose 0 = -3*h + 3 + 6, w*c + 3*h - 35 = 0. Calculate the highest common divisor of 39 and c.
13
Let d = 1716 - 1715. Calculate the highest common factor of d and 1.
1
Suppose -22*l + 1957 = -2663. Calculate the greatest common divisor of l and 470.
10
Let t(o) = o**3 + 23*o**2 + 368*o + 5395. Let c be t(-15). Calculate the highest common factor of c and 201.
67
Let b(x) = 0*x - 17*x**2 - 14 + 3*x + x**3 - 9*x - 11*x. Let r be b(18). Let l be (r/(-6))/((-2)/300). What is the greatest common factor of l and 20?
20
Suppose -57 - 162 = -p + 152. What is t